igit of t(q)?
5
Let z(t) = 4 + 5 + 6*t + 1 - 13. What is the tens digit of z(4)?
2
Suppose -3*z - 5*f + 8 = 0, 1 + 1 = 3*z - f. What is the units digit of z?
1
Let z(w) = 3*w. Let i be z(1). Suppose -4*u = -i*u + 7. Let p = u + 14. What is the units digit of p?
7
Let k(f) = -3 - 2 + 2 + f**2. Let v be k(-3). What is the units digit of (-105)/(-10)*4/v?
7
Let a(o) = -o**3 - o + 3. Let p be a(0). Suppose p*i + 8 = 2*i. What is the units digit of i/(-4)*1/2?
1
Suppose 2*t + 100 = -3*x + 3*t, -t = -1. What is the tens digit of (3 + (x - -3))*-1?
2
Let t = 1 - -1. Let m = 1 + t. Suppose 2*g = 4, -24 = -4*i + m*i - 4*g. What is the units digit of i?
6
Let f = -110 - -158. What is the units digit of f?
8
Let m = 20 - 11. What is the units digit of ((-6)/m)/((-1)/15)?
0
Suppose -3*x + 15 = 3. Suppose 3*l + 15 = 0, x*c - l - 73 = 2*c. What is the tens digit of c?
3
Let z(n) = n**2 - n + 15. Let d be z(0). Suppose d = o + 2*o. What is the units digit of o?
5
Let f = 188 - 37. What is the units digit of f?
1
Suppose 5*q - 204 = 2*q. What is the units digit of (q/(-12))/((-1)/6)?
4
Suppose 37*m = 35*m + 332. What is the hundreds digit of m?
1
Let b = 29 + -54. Let a be b/20 - (-1)/4. Let s = 4 + a. What is the units digit of s?
3
Let k = 29 - -221. What is the units digit of k?
0
What is the tens digit of (-712)/(-24) + 4/(-6)?
2
Let t(j) = 8*j**3 - 3*j**2 + 3*j - 3. Let s be t(2). Let l = -17 + s. What is the units digit of l?
8
Let f = 1 - -2. What is the tens digit of (35 - 1)/(f + -1)?
1
Let j = 54 - -259. What is the hundreds digit of j?
3
Let s(w) = -w**3 + 4*w**2 - 4*w + 2. Let t be s(2). Suppose -t + 5 = b. Suppose 4*n = u + 74, 44 = -n + b*n - 4*u. What is the tens digit of n?
1
Suppose 2*f + 5*v = 4*f - 19, -f = 3*v - 26. Let h = -10 + f. What is the units digit of h?
7
Let v(y) = -y - 1. Let z(m) = -m. Let l(h) = v(h) - 2*z(h). Let p be l(2). Suppose -g = -4 - p. What is the units digit of g?
5
Let r be 3 + 79 + (-1 - 0). What is the units digit of (-10)/(-15)*r/6?
9
What is the units digit of 9 + -5 - 27*-3?
5
Let l(y) = 8*y**3 + 2*y**2 - y - 2. Let r be l(2). Let g = r + -14. What is the units digit of g?
4
Let f(h) = 1575*h. Let j(g) = 1. Let m(n) = -47*n - 4. Let d(l) = 4*j(l) + m(l). Let a(r) = 168*d(r) + 5*f(r). What is the tens digit of a(-1)?
2
Let g be ((-1)/(-2))/(2/164). Suppose 2*l + v = 7 - 4, -g = -4*l + 5*v. Suppose a - 2*a = -l. What is the units digit of a?
4
Suppose 2*h = 16 + 44. What is the tens digit of h?
3
Let t = -2 - -5. Suppose -4*n = -2*v + 15 + t, 0 = 5*v + 4*n - 59. What is the tens digit of v?
1
Suppose -15 = 3*p, 4*p + 8 + 7 = -c. Let x(s) = -s**3 - 4*s**2 + 2*s - 5. Let u be x(-5). Let g = u - c. What is the units digit of g?
5
Let p(g) = 14*g**2 - 6*g + 3. What is the units digit of p(3)?
1
What is the tens digit of 8/60 + (-1646)/(-30)?
5
Let d(n) be the second derivative of -n**5/20 + n**4/3 + n**3/6 - 3*n**2/2 - n. What is the units digit of d(3)?
9
Suppose -12 = b - 3*b. Suppose 0 = p - b - 1. What is the units digit of p?
7
Let m(k) = -5*k - 4. Let p be m(-3). Suppose 3*l = 4*l + 6. Let f = l + p. What is the units digit of f?
5
Suppose -106 = -98*j + 97*j. What is the units digit of j?
6
Suppose 8*o - 116 = 6*o. What is the tens digit of o?
5
Let l(s) = -s**2 - 5*s. Let u be l(-5). Suppose u = -3*j + 11 + 7. Suppose 2*p + 5*g + 0*g - 22 = 0, 0 = 2*p - 2*g + j. What is the units digit of p?
1
Suppose -4*q + 344 = -5*m, -m - 6 = -q + 80. What is the units digit of q?
6
Let p be -3 - (-4)/(12/15). Let w = 1 + -1. What is the units digit of p - (2 + w - 3)?
3
Let t(r) = 2*r**3 + 2*r**2 + 3*r - 3. Let o be 45/25 - (-3)/15. What is the units digit of t(o)?
7
Suppose 0 = -5*l + 3 + 12, -5*n + 2*l - 146 = 0. Let f be (-2 + (-6)/(-4))*24. What is the units digit of (n/f)/(2/6)?
7
Let m = -3 - -9. Let s(q) = 2*q + 6 - 6 - 6. What is the units digit of s(m)?
6
Let k(a) = a**2 + 17*a + 25 - 11 + 0. What is the tens digit of k(-17)?
1
Let i(u) = 3*u**3 + 40*u**2 + 11*u - 77. Let x(q) = 2*q**3 + 27*q**2 + 7*q - 51. Let n(l) = 5*i(l) - 8*x(l). What is the tens digit of n(-16)?
3
Suppose 4*q - 3*q = 251. What is the hundreds digit of q?
2
Let s(w) = -6*w**3 - 71*w**2 - 75*w - 20. Let l(i) = i**3 + 14*i**2 + 15*i + 4. Let n(a) = 11*l(a) + 2*s(a). What is the tens digit of n(13)?
3
Let z = 307 - 145. What is the units digit of z?
2
Suppose -52 + 217 = 5*j. Suppose 4*s + 13 = -63. Let g = s + j. What is the tens digit of g?
1
Suppose -3*u + 52 + 56 = 0. What is the units digit of u?
6
Let k(u) be the first derivative of u**3/3 + u**2 + 2*u - 2. What is the units digit of k(-2)?
2
Suppose 0 = -3*p + 2 + 4. Let n be (-86)/(-10) + 2/5. Let u = n - p. What is the units digit of u?
7
Suppose -8*s = -4*s - 32. Let v be 2/5 - (-106)/10. Let p = v - s. What is the units digit of p?
3
Suppose 6*q = 2*q + 368. What is the tens digit of q?
9
Suppose 4*p = -8, 0 = 5*m - 4*p - 5 - 13. Suppose m*z + 12 = -0. What is the units digit of (-33)/(-9) - (-4)/z?
3
Let k = -71 + 214. What is the hundreds digit of k?
1
Suppose 0*c = -3*g - 4*c + 10, -15 = -4*g - 5*c. Suppose 2*h + 2 = 6, 2*w + g = -h. What is the units digit of -15*(0 - (-2)/w)?
5
Let d(r) = 4*r - 17. Suppose -w + 0 + 1 = -5*m, 5 = w - m. What is the units digit of d(w)?
7
Let z be (-2)/(-3) - (-164)/6. Let h = z + 36. Suppose -k + 4*s = 3*k - h, k = 5*s + 24. What is the tens digit of k?
1
Let r = 7 + -5. Suppose 3*g + x = 3*x - 43, -r*x - 12 = 2*g. Let v = g + 22. What is the tens digit of v?
1
Let m = -3 + 47. Suppose 0 = 2*a + s - 31, a = -3*a + 4*s + m. What is the units digit of a?
4
Let r(s) = -s**2 - 6*s. Let z be r(-6). Suppose 0 = -3*q - c + 7, z = 3*q + 2*c - 5*c - 27. Let p = q + 2. What is the units digit of p?
6
Suppose 3*r = 4*i + 243, 2*r - 118 = 3*i + 45. What is the tens digit of r?
7
Let u(w) = -28*w - 27. What is the hundreds digit of u(-6)?
1
Suppose 3*p + 3*l - 18 = 0, -p - 6 = -3*p - 5*l. Suppose 4*q = 136 - p. What is the tens digit of q?
3
Let b = -21 - -14. Let r(u) = -u**2 - 6*u. Let m be r(b). What is the units digit of m*(-1 - (0 + 0))?
7
Suppose 185 = 10*g - 65. What is the units digit of g?
5
Let i = 17 - -8. Suppose 0 = 5*p - i, -5 = -3*w + 5*p - 39. Let m = w - -5. What is the units digit of m?
2
Let d(h) = 4*h**2 + h + 1. Let y be d(-1). Suppose -y*l - 3 = -11. What is the tens digit of (8/3)/(l/12)?
1
Let h = -29 - -40. What is the units digit of h?
1
Suppose -q - 2 - 4 = 0. What is the units digit of q/(2*(-1)/9)?
7
Let v(r) = r**3 + 7*r**2 + 5*r - 4. Let y be v(-6). Suppose -y*q + 1 = -q. Let j = 1 + q. What is the units digit of j?
2
Suppose -5*j + 3*t + 206 = 0, 5*j - 159 = -3*t + 35. What is the tens digit of j?
4
Let w be ((-108)/42)/(6/(-28)). Let z = w + -1. What is the units digit of z?
1
What is the tens digit of 70*(3/2 + -1)?
3
Suppose -5*g + 114 + 356 = 0. What is the units digit of g?
4
Let x = 3 - -11. What is the units digit of -1 - 7/(x/(-24))?
1
Suppose 10 = -3*r - 4*v, -7*v - 14 = -5*r - 6*v. Suppose -4*o = r - 54. What is the tens digit of o?
1
Suppose 3*h = 8*h + 5, -3*h = 2*g - 349. What is the hundreds digit of g?
1
Suppose 5*r - 12 - 3 = 0. What is the units digit of r?
3
What is the tens digit of 2772/20 - 18/30?
3
Let j = -3 + 9. Let w(l) = l**2 - 6*l + 2. What is the units digit of w(j)?
2
Suppose 5*y = -5*r + 4*y - 44, 5*y - 50 = 5*r. Let j(h) = -7*h - 11. What is the tens digit of j(r)?
5
Let x(q) = 9*q + 26. What is the units digit of x(5)?
1
Let w(b) = -b**2 + 4*b - 13. Let k be w(-7). Let h = 138 + k. What is the tens digit of h?
4
Let b(a) = 4*a**2 - 2*a. What is the tens digit of b(5)?
9
Let t(c) be the third derivative of c**6/120 - c**5/12 + c**4/12 - 2*c**3/3 + 2*c**2. Let d be t(5). Suppose -4*o + 2 = -d. What is the units digit of o?
2
Let g be -1*0*(-3)/9. Suppose -3*h + 4*l - 1 = -6*h, g = 5*l + 10. What is the units digit of h?
3
Let i(y) = y**2 + 5*y + 3. Suppose 0 = -5*k + k - 20. Let d be i(k). Let q = 17 - d. What is the units digit of q?
4
Let m(n) = -2*n + 11. Let v be m(8). Let z = v + 2. Let l = z + 7. What is the units digit of l?
4
Let y be 16/24*(-9)/(-2). Suppose y*v = 2*v + 6. What is the units digit of v?
6
Let t be 68/(-5) - 6/15. Let y = t - -7. Let u = y - -17. What is the units digi